Let y = -337 - -553. Let n = 2233 - y. Is n a composite number?
False
Let k(f) = 26*f**2 + 2*f + 4. Let s be k(6). Let m = s + -395. Is m a composite number?
False
Let z be 149/(-3 - 20/(-8)). Is (-5)/10*1*z composite?
False
Suppose x - 3245 = -0*x - 2*q, -x = -5*q - 3210. Is x a composite number?
True
Suppose 21*v + 4*h = 24*v - 87175, 0 = -5*h - 20. Is v composite?
True
Let t(x) be the second derivative of 37*x**4/12 - x**3/2 - 9*x**2/2 + 3*x + 3. Is t(5) a composite number?
True
Let w(d) = 1098*d - 199. Is w(10) a prime number?
True
Let a be -2*(-5)/(-10)*1351 + -2. Let j = -722 - a. Is j a prime number?
True
Let d(n) be the third derivative of 7*n**6/120 - 7*n**5/60 - 3*n**4/8 + n**3/6 - 25*n**2. Is d(4) a prime number?
False
Suppose 2*s = -5*u + 51066, -9*s - 2*u = -6*s - 76577. Is s composite?
False
Suppose -5*z = k - 5295, 0 = 2*z + k - 1238 - 880. Suppose -z = -4*v + 329. Is v composite?
False
Let b = -119 - -457. Let f = b + 515. Is f composite?
False
Let n(v) = 76*v - 13. Suppose 2*j = 11 - 1. Let x be n(j). Suppose h - 87 - x = 0. Is h composite?
True
Let m(q) = 23*q - 60. Let t(k) = -68*k + 182. Let j(h) = -16*m(h) - 5*t(h). Is j(-11) composite?
True
Let b(m) = 40 - 47 + 148*m + 274*m. Is b(3) a composite number?
False
Suppose -2*p + 1392 = 110. Let m = 702 + -81. Suppose -4*x + l + p = 0, 4*x + 3*l - m = 32. Is x composite?
True
Let p = 1 + -1. Let q(m) = 2*m - 387. Let d(v) = v - 193. Let a(w) = -5*d(w) + 2*q(w). Is a(p) prime?
True
Let y(l) = 311*l**2 + 14. Is y(5) composite?
False
Let l = -1782 + 6981. Suppose l + 397 = 4*r. Suppose 0 = -3*k - 208 + r. Is k a prime number?
True
Suppose 23*u - 54522 + 10684 = 0. Is u prime?
False
Let l(f) = f**2. Let n(v) = -v**3 + 5*v**2 - v + 5. Let d(a) = 6*l(a) - n(a). Is d(4) a prime number?
True
Let k be 90/24 + 3/12. Suppose 0 = -2*j - a + 1785, -j + 6*j = -k*a + 4455. Is j a prime number?
False
Let i be (-7740)/22 - (-8)/(-44). Is (174/8)/((-24)/i) a composite number?
True
Suppose 252602 - 784061 = -9*q. Is q prime?
True
Suppose -2 = 5*i + 3. Let r(h) = -120*h**3 - 2*h**2 + 1. Is r(i) prime?
False
Let s = -8 + 4. Let z = -2 - s. Suppose -3*x - 503 = -0*k - 2*k, -3*k + 787 = z*x. Is k a composite number?
True
Let n(k) = -24*k**2 + 2*k - 13. Let c be n(7). Let l = c - -1918. Is l prime?
True
Let w(c) = 2*c + 14. Let z = -1 - 5. Let p be w(z). Is (550/(-33))/(p/(-3)) composite?
True
Suppose 0*r - r + 3*t = -9, 0 = 4*t + 20. Is -7 + 126 - (r + 2/1) a prime number?
False
Suppose s + c = 4*c + 97, -471 = -5*s + c. Suppose -4*k + 18 = 2*a - 18, 0 = -5*a - k + 81. Suppose a = 5*q - s. Is q a prime number?
False
Suppose -2*a + 10 = -2. Let q be (-5 + 2)/1 - -1. Let h = a + q. Is h a prime number?
False
Suppose 16 = -2*f + 4. Let k(i) = -13 - 13*i - 65*i**2 + 66*i**2 + 3*i. Is k(f) a composite number?
False
Is (-92)/(-736) - (-44551)/8 composite?
False
Suppose -3*n = -14 - 10. Suppose w - n = -w. Suppose w*d - 123 = -3*s, -4*d + 49 = s - 0*d. Is s prime?
True
Let a(q) = -q + 8. Let y be a(4). Suppose -y*p + 18 = 6. Suppose g - 1262 = -3*l, -p*l + l - 5*g + 863 = 0. Is l a prime number?
True
Let i = 10313 - -9978. Is i composite?
True
Let m = -18 + 21. Let h be -1 + (-3 - (-62 + m)). Let n = 1314 - h. Is n a prime number?
True
Let k = 6 - 2. Let x be (-3837)/12 + 3/k. Is -2 - (x - (-1 + 1)) a prime number?
True
Let d be (-1 + 1)/(84/21). Suppose -l - 2 + 1 = d. Is 0 - (1 + l + -155) a prime number?
False
Let f be -10*(-1 + (-993)/15). Let o = 377 + f. Is o prime?
True
Let x(v) = 20*v**2 - 20*v - 41. Is x(16) composite?
False
Is ((-48)/72)/((-4)/5718) a prime number?
True
Suppose 224*i = 218*i + 3426. Is i composite?
False
Suppose 2*h - 74 = -0*h. Is (h + -16)*(0 - 958/(-6)) a composite number?
True
Suppose -2*f + 22 = 2. Let c(a) = a - 6. Let b be c(f). Is b/((-16)/188)*-2 composite?
True
Let b(f) = 2*f**3 - 8*f**2 + 4*f - 3. Let p be b(4). Let g be (1 + -13)/(3/(-2)). Suppose 415 = p*d - g*d. Is d composite?
False
Let y(z) = -z**2 - 10*z + 7. Suppose -l = 4*l + 50. Let q be y(l). Suppose 2*r - 3*r = -q. Is r a composite number?
False
Suppose -25*g + 32909 = -3016. Is g prime?
False
Let g be -43*1 - (-5 - -5). Let d = -79 - g. Is 121 - 1 - d/12 a prime number?
False
Suppose 5290 = -23*b + 30291. Is b a composite number?
False
Let o be (-13)/(1*5/(-400)). Suppose f - 323 = o. Is f a prime number?
False
Suppose 39*s - 392690 = 29*s. Is s a composite number?
True
Let s(p) = 543*p**2 + 11*p + 13. Is s(-4) a composite number?
True
Let o = -11 + 13. Suppose -o*a = 3*a - 355. Suppose 9*g = 10*g - a. Is g prime?
True
Let l be 75/7 - (-7)/(294/12). Suppose -6*b = -l*b + 635. Is b a composite number?
False
Let z(p) = p - 8. Let g(r) = -2*r + 15. Let j(v) = -3*g(v) - 7*z(v). Let k be j(5). Let y(t) = t**3 + 7*t**2 - 9*t + 5. Is y(k) composite?
False
Let c = 79 + 154. Is c a composite number?
False
Let a(l) = -15*l + 5. Suppose 2*m + 42 + 0 = 2*d, -5 = 5*d. Is a(m) a prime number?
False
Let x(m) = 6*m**2 + 5*m**2 - 8*m**2 + 8*m - 7. Is x(-12) prime?
False
Let u be -1 + (1 - (0 + -2)). Let l(n) = -n**3 - 6*n**2 + 4 - 9*n**2 + 6 + 11*n - u*n**2. Is l(-19) composite?
False
Let d(x) = -x**2 - 15*x + 40. Let k be d(-17). Is (k - 5 - 0) + 2604 a composite number?
True
Let c(h) = 4*h**2 + 56*h + 34. Is c(-35) composite?
True
Suppose -7*v = 7*v - 31318. Is v a composite number?
False
Let u(f) = 685*f - 21. Let r be u(6). Let n = 16 + r. Is n a prime number?
False
Let a be 5*(-4)/(16/12). Is (3 + 80/a)*-201 prime?
False
Let h(b) = 56*b**2 + 2*b + 44. Let u(r) = -19*r**2 - r - 15. Let p(z) = 3*h(z) + 8*u(z). Let g be (25/(-10))/(2/4). Is p(g) composite?
True
Let p be (-5)/10*6 + 1. Is (-6979)/(-6) - (p/12)/(-1) a composite number?
False
Let z be ((-10)/(-5))/6*-69. Let i = z - -100. Is i prime?
False
Let q = 96647 + 12416. Is q prime?
True
Let k(i) = 140*i**3 + 2*i**2 - 2*i + 1. Suppose 4*j + g + 42 = -j, 3*j + 2*g = -21. Let o be 8/(-28) - j/7. Is k(o) a prime number?
False
Suppose -5*y = -2*y + 39. Let j(s) be the second derivative of 7*s**4/6 + 2*s**3 + 11*s**2/2 + 178*s. Is j(y) composite?
False
Suppose -5*w + 5*u + 10285 = 0, 4*u - 5*u = -4*w + 8228. Suppose 0 = -3*o - 2*z + w, 8*z - 9*z = 3*o - 2062. Is o a prime number?
False
Suppose -4*u = -4*f + 89 + 11, -f + 1 = 0. Let q = -23 - u. Is (-12 + 891)*q/3 a composite number?
False
Suppose 0 = -315*z + 329*z - 510538. Is z prime?
True
Let o(y) = 18*y**2 + y - 1. Let l be o(-2). Let v be 5/(-20) + l/4. Is v*((-4)/(-2) - 0) prime?
False
Let g(b) = -452*b + 5. Suppose 4*z + 2 = 5*u, 2*z - 3*u + 6 = -2*z. Let l be g(z). Suppose 0*r + l = 5*r - 3*s, -3*r + 819 = -3*s. Is r a composite number?
False
Let v(t) = -2*t**3 + 6*t**2 - t + 17. Let l be v(5). Is (-314)/((-4)/l*-4) a composite number?
True
Suppose -3*o = -4*o - 5*g + 189, 5*g = 5*o - 1095. Is o prime?
False
Let s = 31 + -27. Is (25/(-10))/(s/(-776)) a prime number?
False
Suppose -g + 171 = -324. Suppose -4*w - a = w - g, 4*a + 198 = 2*w. Suppose -w = 5*s - 8*s. Is s prime?
False
Suppose -4*y + 6689 = 5*f, 0 = 2*f - 4*y - 853 - 1845. Suppose z - 2*x + f = 2*z, -z + x = -1335. Is z prime?
False
Suppose -17*s + 21*s - 16 = 0. Suppose -3273 = -3*o + s*q, 2*o - q = -2*q + 2171. Is o composite?
False
Let x = 403 + 550. Is x composite?
False
Let l = 1170079 + -625878. Is l a composite number?
True
Suppose -86*b - 122193 = -95*b. Is b a composite number?
False
Suppose -682*k + 693*k - 1338491 = 0. Is k prime?
False
Let q(k) = -26*k - 44. Let u be q(-2). Let r = 646 + -190. Suppose 2*c - r = -2*w, c + u*w - 3*w - 248 = 0. Is c a prime number?
True
Let x be 1 - 4 - (4 + 342). Let z = 1664 + x. Is z a prime number?
False
Suppose -5*q = 3*g + 4 - 29, 8 = 2*g - q. Suppose -3*s - 2*v = -581, -g*s + 3*v - 5*v + 963 = 0. Is s a composite number?
False
Let l = 2233 - -1621. Suppose 5*g - l = 3131. Is g prime?
False
Let x(w) = 30*w**3 - 8*w**2 - 15*w - 29. Is x(8) a prime number?
True
Suppose -181 = -15*j - 61. Suppose 0 = -j*o - 415 + 7503. Is o prime?
False
Let d(a) = -2*a**3 - 9*a**2 - 5*a - 6. Let c be d(-4). Is 1 - -199 - (-9 - (-4 + c)) a composite number?
True
Let h = 19 - 17. Is h + (9 + -8)/((-1)/(-887)) composite?
True
Let u be (-1556)/14*(-15 - -8). Let w = -323 + u. Let i = 1174 - w. Is i composite?
False
Let m(f) 